{"id":2,"date":"2024-01-29T19:26:14","date_gmt":"2024-01-29T18:26:14","guid":{"rendered":"https:\/\/www.barberkosice.sk\/?page_id=2"},"modified":"2025-03-04T23:03:20","modified_gmt":"2025-03-04T22:03:20","slug":"ukazkova-stranka","status":"publish","type":"page","link":"https:\/\/www.barberkosice.sk\/?page_id=2","title":{"rendered":"Menu &#8211; cenn\u00edk"},"content":{"rendered":"\n<div class=\"wp-block-group is-vertical is-content-justification-center is-layout-flex wp-container-core-group-is-layout-1 wp-block-group-is-layout-flex\">\n<figure class=\"wp-block-image size-full is-style-default\"><img loading=\"lazy\" decoding=\"async\" width=\"2481\" height=\"3508\" src=\"https:\/\/www.barberkosice.sk\/wp-content\/uploads\/2025\/03\/BARBER-CENNIK25_web_Page_2.png\" alt=\"\" class=\"wp-image-74\" srcset=\"https:\/\/www.barberkosice.sk\/wp-content\/uploads\/2025\/03\/BARBER-CENNIK25_web_Page_2.png 2481w, https:\/\/www.barberkosice.sk\/wp-content\/uploads\/2025\/03\/BARBER-CENNIK25_web_Page_2-212x300.png 212w, https:\/\/www.barberkosice.sk\/wp-content\/uploads\/2025\/03\/BARBER-CENNIK25_web_Page_2-724x1024.png 724w, https:\/\/www.barberkosice.sk\/wp-content\/uploads\/2025\/03\/BARBER-CENNIK25_web_Page_2-768x1086.png 768w, https:\/\/www.barberkosice.sk\/wp-content\/uploads\/2025\/03\/BARBER-CENNIK25_web_Page_2-1086x1536.png 1086w, https:\/\/www.barberkosice.sk\/wp-content\/uploads\/2025\/03\/BARBER-CENNIK25_web_Page_2-1448x2048.png 1448w\" sizes=\"auto, (max-width: 2481px) 100vw, 2481px\" \/><\/figure>\n\n\n\n<figure class=\"wp-block-image size-full wp-container-content-1\"><img loading=\"lazy\" decoding=\"async\" width=\"2481\" height=\"3508\" src=\"https:\/\/www.barberkosice.sk\/wp-content\/uploads\/2025\/03\/BARBER-CENNIK25_web_Page_3.png\" alt=\"\" class=\"wp-image-75\" srcset=\"https:\/\/www.barberkosice.sk\/wp-content\/uploads\/2025\/03\/BARBER-CENNIK25_web_Page_3.png 2481w, https:\/\/www.barberkosice.sk\/wp-content\/uploads\/2025\/03\/BARBER-CENNIK25_web_Page_3-212x300.png 212w, https:\/\/www.barberkosice.sk\/wp-content\/uploads\/2025\/03\/BARBER-CENNIK25_web_Page_3-724x1024.png 724w, https:\/\/www.barberkosice.sk\/wp-content\/uploads\/2025\/03\/BARBER-CENNIK25_web_Page_3-768x1086.png 768w, https:\/\/www.barberkosice.sk\/wp-content\/uploads\/2025\/03\/BARBER-CENNIK25_web_Page_3-1086x1536.png 1086w, https:\/\/www.barberkosice.sk\/wp-content\/uploads\/2025\/03\/BARBER-CENNIK25_web_Page_3-1448x2048.png 1448w\" sizes=\"auto, (max-width: 2481px) 100vw, 2481px\" \/><\/figure>\n<\/div>\n","protected":false},"excerpt":{"rendered":"","protected":false},"author":1,"featured_media":0,"parent":0,"menu_order":0,"comment_status":"closed","ping_status":"open","template":"","meta":{"_monsterinsights_skip_tracking":false,"_monsterinsights_sitenote_active":false,"_monsterinsights_sitenote_note":"","_monsterinsights_sitenote_category":0,"footnotes":""},"class_list":["post-2","page","type-page","status-publish","hentry"],"yoast_head":"<!-- This site is optimized with the Yoast SEO plugin v22.1 - https:\/\/yoast.com\/wordpress\/plugins\/seo\/ -->\n<title>Menu - cenn\u00edk -<\/title>\n<meta name=\"robots\" content=\"index, follow, max-snippet:-1, max-image-preview:large, max-video-preview:-1\" \/>\n<link rel=\"canonical\" href=\"https:\/\/www.barberkosice.sk\/?page_id=2\" \/>\n<meta property=\"og:locale\" content=\"sk_SK\" \/>\n<meta property=\"og:type\" content=\"article\" \/>\n<meta property=\"og:title\" content=\"Menu - cenn\u00edk -\" \/>\n<meta property=\"og:url\" content=\"https:\/\/www.barberkosice.sk\/?page_id=2\" \/>\n<meta property=\"article:modified_time\" content=\"2025-03-04T22:03:20+00:00\" \/>\n<meta property=\"og:image\" content=\"https:\/\/www.barberkosice.sk\/wp-content\/uploads\/2025\/03\/BARBER-CENNIK25_web_Page_2.png\" \/>\n<meta name=\"twitter:card\" content=\"summary_large_image\" \/>\n<meta name=\"twitter:label1\" content=\"Predpokladan\u00fd \u010das \u010d\u00edtania\" \/>\n\t<meta name=\"twitter:data1\" content=\"1 min\u00fata\" \/>\n<script type=\"application\/ld+json\" class=\"yoast-schema-graph\">{\"@context\":\"https:\/\/schema.org\",\"@graph\":[{\"@type\":\"WebPage\",\"@id\":\"https:\/\/www.barberkosice.sk\/?page_id=2\",\"url\":\"https:\/\/www.barberkosice.sk\/?page_id=2\",\"name\":\"Menu - cenn\u00edk -\",\"isPartOf\":{\"@id\":\"https:\/\/www.barberkosice.sk\/#website\"},\"datePublished\":\"2024-01-29T18:26:14+00:00\",\"dateModified\":\"2025-03-04T22:03:20+00:00\",\"breadcrumb\":{\"@id\":\"https:\/\/www.barberkosice.sk\/?page_id=2#breadcrumb\"},\"inLanguage\":\"sk-SK\",\"potentialAction\":[{\"@type\":\"ReadAction\",\"target\":[\"https:\/\/www.barberkosice.sk\/?page_id=2\"]}]},{\"@type\":\"BreadcrumbList\",\"@id\":\"https:\/\/www.barberkosice.sk\/?page_id=2#breadcrumb\",\"itemListElement\":[{\"@type\":\"ListItem\",\"position\":1,\"name\":\"Home\",\"item\":\"https:\/\/www.barberkosice.sk\/\"},{\"@type\":\"ListItem\",\"position\":2,\"name\":\"Menu &#8211; cenn\u00edk\"}]},{\"@type\":\"WebSite\",\"@id\":\"https:\/\/www.barberkosice.sk\/#website\",\"url\":\"https:\/\/www.barberkosice.sk\/\",\"name\":\"\",\"description\":\"\",\"potentialAction\":[{\"@type\":\"SearchAction\",\"target\":{\"@type\":\"EntryPoint\",\"urlTemplate\":\"https:\/\/www.barberkosice.sk\/?s={search_term_string}\"},\"query-input\":\"required name=search_term_string\"}],\"inLanguage\":\"sk-SK\"}]}<\/script>\n<!-- \/ Yoast SEO plugin. -->","yoast_head_json":{"title":"Menu - cenn\u00edk -","robots":{"index":"index","follow":"follow","max-snippet":"max-snippet:-1","max-image-preview":"max-image-preview:large","max-video-preview":"max-video-preview:-1"},"canonical":"https:\/\/www.barberkosice.sk\/?page_id=2","og_locale":"sk_SK","og_type":"article","og_title":"Menu - cenn\u00edk -","og_url":"https:\/\/www.barberkosice.sk\/?page_id=2","article_modified_time":"2025-03-04T22:03:20+00:00","og_image":[{"url":"https:\/\/www.barberkosice.sk\/wp-content\/uploads\/2025\/03\/BARBER-CENNIK25_web_Page_2.png"}],"twitter_card":"summary_large_image","twitter_misc":{"Predpokladan\u00fd \u010das \u010d\u00edtania":"1 min\u00fata"},"schema":{"@context":"https:\/\/schema.org","@graph":[{"@type":"WebPage","@id":"https:\/\/www.barberkosice.sk\/?page_id=2","url":"https:\/\/www.barberkosice.sk\/?page_id=2","name":"Menu - cenn\u00edk -","isPartOf":{"@id":"https:\/\/www.barberkosice.sk\/#website"},"datePublished":"2024-01-29T18:26:14+00:00","dateModified":"2025-03-04T22:03:20+00:00","breadcrumb":{"@id":"https:\/\/www.barberkosice.sk\/?page_id=2#breadcrumb"},"inLanguage":"sk-SK","potentialAction":[{"@type":"ReadAction","target":["https:\/\/www.barberkosice.sk\/?page_id=2"]}]},{"@type":"BreadcrumbList","@id":"https:\/\/www.barberkosice.sk\/?page_id=2#breadcrumb","itemListElement":[{"@type":"ListItem","position":1,"name":"Home","item":"https:\/\/www.barberkosice.sk\/"},{"@type":"ListItem","position":2,"name":"Menu &#8211; cenn\u00edk"}]},{"@type":"WebSite","@id":"https:\/\/www.barberkosice.sk\/#website","url":"https:\/\/www.barberkosice.sk\/","name":"","description":"","potentialAction":[{"@type":"SearchAction","target":{"@type":"EntryPoint","urlTemplate":"https:\/\/www.barberkosice.sk\/?s={search_term_string}"},"query-input":"required name=search_term_string"}],"inLanguage":"sk-SK"}]}},"_links":{"self":[{"href":"https:\/\/www.barberkosice.sk\/index.php?rest_route=\/wp\/v2\/pages\/2","targetHints":{"allow":["GET"]}}],"collection":[{"href":"https:\/\/www.barberkosice.sk\/index.php?rest_route=\/wp\/v2\/pages"}],"about":[{"href":"https:\/\/www.barberkosice.sk\/index.php?rest_route=\/wp\/v2\/types\/page"}],"author":[{"embeddable":true,"href":"https:\/\/www.barberkosice.sk\/index.php?rest_route=\/wp\/v2\/users\/1"}],"replies":[{"embeddable":true,"href":"https:\/\/www.barberkosice.sk\/index.php?rest_route=%2Fwp%2Fv2%2Fcomments&post=2"}],"version-history":[{"count":6,"href":"https:\/\/www.barberkosice.sk\/index.php?rest_route=\/wp\/v2\/pages\/2\/revisions"}],"predecessor-version":[{"id":76,"href":"https:\/\/www.barberkosice.sk\/index.php?rest_route=\/wp\/v2\/pages\/2\/revisions\/76"}],"wp:attachment":[{"href":"https:\/\/www.barberkosice.sk\/index.php?rest_route=%2Fwp%2Fv2%2Fmedia&parent=2"}],"curies":[{"name":"wp","href":"https:\/\/api.w.org\/{rel}","templated":true}]}}